70015 (base 8) to base 16.
27f00d
2780ad (base 14) to base 10
1366665
530140 (base 7) to base 10
91315
-211110201111102 (base 3) to base 6
-1103543315
What is -48742 (base 10) in base 4?
-23321212
What is -730312 (base 10) in base 9?
-1332717
What is -2b0973 (base 12) in base 14?
-14cdcb
-1d230d (base 15) to base 7
-15053224
380502 (base 9) to base 6
4533002
-1046126 (base 7) to base 3
-20120110212
What is 173c9 (base 14) in base 4?
32100111
Convert -9a801 (base 15) to base 5.
-111204201
443132304 (base 5) to base 15
281054
What is -1111112112212 (base 3) in base 15?
-10b652
Convert 4034066 (base 7) to base 16.
74ff3
Convert 394a5a (base 11) to base 16.
97bd1
Convert 1677994 (base 10) to base 7.
20156053
Convert 2979b (base 16) to base 14.
45ca7
-2310c (base 14) to base 7
-503415
What is -2766777 (base 8) in base 14?
-164cc7
-10b098 (base 14) to base 13
-16b7a3
What is 58356 (base 11) in base 15?
19e87
Convert 800a72 (base 11) to base 2.
100111010110111100001
What is 315569 (base 13) in base 2?
100011001110100110101
-4012220223 (base 5) to base 10
-7929438
-7202010 (base 8) to base 3
-10120121110202
Convert 121c2c0 (base 13) to base 10.
5624814
Convert 6621b (base 12) to base 16.
20fb7
-6509699 (base 10) to base 4
-120311102003
What is -5372654 (base 8) in base 9?
-2633123
What is 11244442 (base 5) in base 15?
2084c
Convert 41e4d4 (base 15) to base 10.
3136474
-12434112033 (base 5) to base 4
-323100302210
What is 21102220102220 (base 3) in base 6?
220431253
What is -24445502 (base 6) in base 9?
-1424452
What is -22241124 (base 7) in base 8?
-7261574
-1530203512 (base 6) to base 16
-126fb84
What is 11a31c (base 15) in base 9?
1526330
-243b20 (base 15) to base 14
-331c48
Convert -53738 (base 14) to base 8.
-612006
Convert 113231103 (base 4) to base 16.
17b53
What is -10101100110111010000 (base 2) in base 5?
-140124143
What is -126224 (base 11) in base 10?
-198587
-100000001110111001 (base 2) to base 11
-90213
Convert -12421235 (base 7) to base 6.
-40125402
What is ac836c (base 14) in base 8?
26270754
-27060237 (base 8) to base 9
-12346528
What is 10037004 (base 9) in base 2?
10010010101110001001111
What is 10134524 (base 6) in base 16?
47734
Convert -1422303 (base 6) to base 9.
-132863
-229004 (base 11) to base 15
-729e7
-474ba (base 12) to base 2
-10111011000001110
Convert 209846 (base 13) to base 7.
6330506
What is -10020702 (base 8) in base 12?
-85676a
What is -100000010011010011100010 (base 2) in base 13?
-19a6282
-514205440 (base 6) to base 12
-2b83880
Convert -41112236 (base 7) to base 8.
-15056640
What is 58d0 (base 14) in base 12?
8b52
Convert -56483 (base 16) to base 14.
-92b19
1330502 (base 6) to base 2
10010000101000110
Convert 48481 (base 15) to base 16.
38479
-120300210310 (base 4) to base 9
-13182157
-6424132 (base 7) to base 3
-1110121002111
What is -2b8757 (base 12) in base 6?
-23512551
Convert 22113600 (base 7) to base 11.
108a763
Convert -538038 (base 12) to base 13.
-372c08
Convert -84265 (base 13) to base 6.
-5032241
Convert -82c94 (base 13) to base 9.
-387355
Convert 1110001001001011011 (base 2) to base 3.
212112201212
-2230322001 (base 4) to base 3
-1022222111120
What is 352054 (base 7) in base 2?
1111011010101111
What is 1357a5 (base 11) in base 10?
212591
Convert 442e32 (base 16) to base 15.
5d3dee
-11323414 (base 5) to base 14
-2a2dd
-176c56 (base 14) to base 10
-825628
-4621504 (base 11) to base 9
-16180758
Convert -1212048 (base 10) to base 13.
-3358b6
Convert 2a09b (base 12) to base 11.
4025a
What is 18728 (base 14) in base 15?
13486
Convert -11410024 (base 5) to base 8.
-320611
What is -657855 (base 12) in base 11?
-9aa673
What is 36262045 (base 7) in base 13?
88c051
Convert -213030 (base 4) to base 6.
-15340
-5b536 (base 12) to base 8
-361072
Convert -b81a1 (base 12) to base 15.
-4bb5a
Convert -69022 (base 13) to base 2.
-101110101010111111
2313130332 (base 5) to base 6
303344041
-677147 (base 8) to base 14
-5d62b
Convert 30103221231 (base 4) to base 16.
313a6d
-359195 (base 10) to base 2
-1010111101100011011
Convert 220201220 (base 3) to base 5.
1034113
9405001 (base 10) to base 2
100011111000001001001001
Convert -1761974 (base 13) to base 8.
-34775617
What is -96451 (base 10) in base 14?
-27215
Convert -26551 (base 10) to base 12.
-13447
What is -504214 (base 6) in base 11?
-27a16
What is -1305215 (base 9) in base 16?
-aded9
What is a96a4 (base 12) in base 2?
110110101010011100
What is 735834 (base 9) in base 14?
b5554
Convert -1335356 (base 9) to base 3.
-1101012101220
Convert 277713 (base 8) to base 13.
3594a
-2c709 (base 16) to base 4
-230130021
21222043 (base 5) to base 3
100010102122
What is 565562 (base 9) in base 5?
41314332
Convert -1644021 (base 9) to base 10.
-914914
Convert -100010010101011011100000 (base 2) to base 15.
-bcbcec
What is -8a741 (base 13) in base 12?
-1017a6
5454a (base 13) to base 3
21202012011
Convert 646702 (base 8) to base 7.
1561144
2111217 (base 8) to base 5
120434212
Convert -415446 (base 8) to base 9.
-230287
Convert -12131230 (base 5) to base 8.
-337605
What is -4302101 (base 5) in base 8?
-214727
138b3 (base 15) to base 16
f4fe
302a0 (base 13) to base 2
10101000010000111
Convert -87765 (base 10) to base 11.
-5aa37
What is -41011 (base 10) in base 2?
-1010000000110011
Convert 1688e (base 16) to base 2.
10110100010001110
What is -44416 (base 11) in base 6?
-1214033
-3eeac4 (base 15) to base 7
-34544641
What is 436226 (base 7) in base 6?
1350355
Convert 152044 (base 6) to base 7.
60622
What is 5500166 (base 7) in base 6?
22224505
Convert 1111011110110100 (base 2) to base 15.
13bc7
What is 513011 (base 7) in base 9?
142882
1512684 (base 9) to base 15
117747
Convert -4313481 (base 9) to base 8.
-10643570
What is 10000101001001111101101 (base 2) in base 10?
4363245
-232012031 (base 4) to base 12
-91325
What is -9169ab (base 14) in base 11?
-2845390
11011000101000100100 (base 2) to base 13
250b64
Convert -185892a (base 12) to base 6.
-301114054
What is 1111230231 (base 4) in base 12?
14b179
100212111 (base 5) to base 9
665578
Convert 17b55a (base 14) to base 15.
118455
What is -520113 (base 7) in base 6?
-1523320
What is -36b53 (base 14) in base 12?
-65619
Convert -79419 (base 15) to base 10.
-385674
1a88818 (base 11) to base 2
1101011001001000110010
What is 3311313 (base 5) in base 15?
11da8
What is -11002013300 (base 4) in base 3?
-2111000212222
13105132 (base 9) to base 4
120210102200
What is 10111000111011000 (base 2) in base 11?
65153
22bac (base 14) to base 11
58645
151034 (base 6) to base 3
201212211
-1422586 (base 9) to base 3
-1110202122220
What is 1ca7d (base 14) in base 15?
16b45
Convert 212722 (base 11) to base 5.
41342101
3243500 (base 6) to base 5
20132112
What is 502ab (base 16) in base 8?
1201253
What is 4104104 (base 7) in base 8?
1672574
Convert 1667d6 (base 14) to base 8.
2777650
Convert 4218a (base 12) to base 16.
1527a
What is 2002455 (base 6) in base 10?
93923
-1c107 (base 15) to base 16
-164dd
What is -16287 (base 11) in base 5?
-1213324
Convert 6022016 (base 8) to base 11.
990718
-12111111002011 (base 3) to base 13
-7b437b
Convert 17a7313 (base 11) to base 16.
2e9dae
1001010100001101010010 (base 2) to base 14
477d74
What is -33b12 (base 12) in base 6?
-1251222
Convert -11550100 (base 6) to base 8.
-1326424
What is -21002212010101 (base 3) in base 9?
-7085111
Convert 330013232 (base 4) to base 15.
4ce6e
What is -403002111 (base 5) in base 13?
-444879
Convert -120135253 (base 6) to base 13.
-60b259
What is 226105 (base 10) in base 5?
24213410
-232123233111 (base 4) to base 15
-11068d0
Convert -74b86 (base 13) to base 10.
-210684
-15366111 (base 7) to base 2
-101101001000001001010
7d306 (base 14) to base 5
34231203
What is 7dc5 (base 16) in base 13?
11869
-1001350125 (base 6) to base 5
-10044413323
234760 (base 10) to base 4
321110020
What is 8a4a3 (base 12) in base 16?
2ce3b
53273 (base 11) to base 15
17e80
578ea (base 15) to base 9
464354
What is 45080 (base 9) in base 7?
153231
What is 444407 (base 8) in base 3?
21121102221
1114431021 (base 5) to base 2
1001100010000101000110
d4a3d (base 14) to base 7
4232606
Convert 10011001111100111 (base 2) to base 4.
103033213
Convert 641154 (base 7) to base 4.
123010131
Convert -11a0c05 (base 13) to base 3.
-10102220100